10*k - 51. Calculate c(-6).
9
Let m(n) = 5*n - 38. What is m(6)?
-8
Let r(n) = -n**3 + 13*n**2 - 20*n + 2. Calculate r(6).
134
Let g(c) = 9*c + 16. What is g(-1)?
7
Let w(n) = -17*n**2 + 6*n - 7. Give w(2).
-63
Let q(z) = z**3 - 18*z**2 - 15*z - 28. Calculate q(19).
48
Let v(t) = -t**3 + 7*t**2 - 4. Determine v(7).
-4
Let j(s) = -s**3 + 5*s**2 + 5*s - 1. What is j(6)?
-7
Let k(a) = -a**3 + 8*a**2 + 6*a + 1. Calculate k(9).
-26
Let c(u) = -104*u**2 + u - 2. Calculate c(1).
-105
Let w(g) = -5*g + 50. Calculate w(8).
10
Let a(j) = -j**3 + 5*j**2 + 9*j - 5. Give a(6).
13
Let l(v) = v**2 - 8*v - 20. What is l(9)?
-11
Let q(z) = -10*z - 1. Determine q(3).
-31
Let f(r) = -8*r + 71. What is f(13)?
-33
Let w(h) = -h**2 - 9*h + 60. Determine w(-14).
-10
Let y(z) = z**2 + 5*z + 2. Calculate y(-6).
8
Let n(v) = v**2 + 26*v + 31. Give n(-25).
6
Let p(m) = 3*m**2 - 18*m + 10. Determine p(5).
-5
Let p(o) = -o**2 + 18*o - 64. Calculate p(14).
-8
Let f(t) = t**3 - t**2 + t + 49. Calculate f(0).
49
Let r(c) = -5*c + 113. Give r(23).
-2
Let g(v) = v**3 - 9*v**2 + 9*v - 16. Give g(8).
-8
Let b(w) = 2*w**3 + w. Determine b(-1).
-3
Let l(t) = t - 12. Calculate l(14).
2
Let x(y) = -y**2 - 23*y + 92. Give x(-29).
-82
Let m(z) = -6*z - 9. Calculate m(-5).
21
Let c(h) = -2*h - 25. Calculate c(-10).
-5
Let j(l) = l - 19. Determine j(5).
-14
Let t(k) = -k**3 - 8*k**2 - 8*k - 8. Calculate t(-7).
-1
Let v(m) = -2*m**2 - 15*m - 24. Give v(-5).
1
Let m(a) = -3*a + 2. Give m(-11).
35
Let o(v) = v**3 + 6*v**2 - 10*v - 8. Determine o(-7).
13
Let v(g) = 11*g - 2. Calculate v(4).
42
Let u(v) = v**3 + 5*v**2 - 2*v + 80. Determine u(-7).
-4
Let y(s) = -s**3 - 15*s**2 - 10*s + 58. What is y(-14)?
2
Let f(x) = x**3 + 3*x**2 + 3*x + 12. Determine f(-3).
3
Let y(z) = -z**2 - 12*z + 49. Calculate y(3).
4
Let s(a) = 3*a**3 - 39*a**2 - 3*a + 47. Calculate s(13).
8
Let s(b) = -3*b**2 - 10*b + 3. Calculate s(-8).
-109
Let y(h) = -h - 2. What is y(-9)?
7
Let p(g) = -5*g - 138. Give p(-27).
-3
Let a(i) = 16*i + 27. Determine a(-6).
-69
Let x(k) = k - 20. What is x(15)?
-5
Let a(c) = 90*c**3 + 1. What is a(1)?
91
Let y(h) = -h**3 + 2*h**2 + 5*h - 3. Give y(3).
3
Let t(r) = -2*r - 22. Give t(6).
-34
Let b(v) = 4*v - 62. What is b(27)?
46
Let k(m) = -3*m**2 + 3*m + 2. What is k(-1)?
-4
Let k(z) = z**3 - 4*z**2 + 6*z - 2. Calculate k(4).
22
Let n(l) = -7*l - 9. Calculate n(-12).
75
Let h(x) = x**3 - 5*x**2 - 3*x. Give h(5).
-15
Let g(f) = -f - 4. Determine g(3).
-7
Let y(t) = 11*t**2 + t + 2. What is y(-1)?
12
Let n(m) = 14*m + 57. Calculate n(-3).
15
Let a(k) = 3*k - 2. Calculate a(-5).
-17
Let u(x) = -7*x + 53. Calculate u(6).
11
Let r(h) = h**3 + 5*h**2 + 58*h + 223. Determine r(-4).
7
Let d(p) = 6*p - 90. What is d(16)?
6
Let h(u) = u**3 + 5*u**2 - 5*u + 7. Calculate h(-6).
1
Let i(f) = f - 15. Determine i(19).
4
Let a(b) = b**3 - b**2 - 2*b - 2. Determine a(4).
38
Let v(u) = u**2 + 6*u + 7. Calculate v(-7).
14
Let u(i) = i**3 + 4*i**2 - 2*i + 11. Calculate u(-4).
19
Let l(y) = 11*y - 62. What is l(6)?
4
Let y(i) = -i**3 + 3*i**2 + 5*i + 2. Give y(5).
-23
Let l(z) = -13*z - 178. Determine l(-12).
-22
Let o(q) = 2*q**2 - 3*q - 8. Determine o(-2).
6
Let l(i) = i**2 - i - 9. Determine l(5).
11
Let q(c) = -2*c**3 + 13*c**2 + 7*c + 1. What is q(7)?
1
Let y(j) = -j**3 + 5*j**2 - 3*j + 3. Determine y(5).
-12
Let r(i) = i**3 - 10*i**2 + 16*i + 1. Determine r(8).
1
Let a(s) = 2*s + 2. Calculate a(-6).
-10
Let s(i) = -i**2 - 5*i + 28. Give s(-9).
-8
Let o(h) = h**2 + 16*h + 37. Determine o(-13).
-2
Let i(w) = -3*w - 7. Calculate i(-3).
2
Let g(y) = -y**3 - 10*y**2 - 7*y + 16. Calculate g(-9).
-2
Let r(y) = -2*y**2 - 4*y. Determine r(-6).
-48
Let k(q) = -3*q - 12. Give k(-6).
6
Let z(x) = -x**3 + 8*x**2 + 14*x - 6. What is z(9)?
39
Let g(n) = -n - 8. Give g(7).
-15
Let g(y) = y**3 - 19*y**2 + 36*y - 31. Calculate g(17).
3
Let j(o) = -4*o**3 + o**2 + 3*o + 2. Calculate j(-1).
4
Let s(z) = 24*z + 1057. What is s(-44)?
1
Let z(o) = 2*o**3 + 9*o**2 - 6*o - 4. What is z(-6)?
-76
Let c(b) = -6*b + 21. Calculate c(4).
-3
Let d(a) = 4*a + 11. What is d(13)?
63
Let d(g) = -2*g**2 + 52*g - 57. Calculate d(23).
81
Let y(n) = 40*n**2 - 2*n - 2. What is y(-1)?
40
Let l(z) = -z**3 + 3*z - 5. What is l(0)?
-5
Let k(p) = p - 18. Determine k(8).
-10
Let n(l) = l**3 - 13*l**2 + l - 13. Give n(13).
0
Let a(h) = -h**2 + 6*h + 2. Give a(7).
-5
Let c(f) = -f**3 - 14*f**2 + 30*f - 35. Give c(-16).
-3
Let j(l) = l**3 + 4. Determine j(0).
4
Let z(c) = -c**2 - 4*c - 6. What is z(-4)?
-6
Let z(b) = -2*b**3 - 4*b**2 - b - 1. Determine z(2).
-35
Let b(g) = g + 7. Calculate b(-12).
-5
Let f(a) = 2*a**2 + 40*a + 152. Give f(-5).
2
Let c(l) = -l**3 - 4*l**2 + 4. Determine c(-4).
4
Let l(u) = -6*u + 113. Give l(24).
-31
Let b(i) = i**3 - 7*i**2 - 14*i + 25. What is b(9)?
61
Let i(t) = -52*t + 2. Give i(2).
-102
Let f(n) = -n**2 + 5*n + 119. What is f(-9)?
-7
Let g(r) = -r**3 - 11*r**2 - 18*r - 2. Give g(-8).
-50
Let k(p) = -p**2 - p + 140. What is k(0)?
140
Let k(b) = -b - 6. What is k(2)?
-8
Let n(k) = -2*k + 4. Calculate n(-3).
10
Let w(m) = -m**2 - 11*m + 5. Give w(-10).
15
Let w(c) = c - 75. Give w(-10).
-85
Let y(f) = f**3 + 25*f**2 + 21*f - 56. Determine y(-24).
16
Let g(d) = 19*d + 30. Give g(-4).
-46
Let q(j) = j**3 + 8*j**2 + 4*j - 2. Give q(-6).
46
Let u(x) = -x**3 - 4*x**2 - 3*x - 3. Calculate u(-4).
9
Let q(l) = -l**2 + 10*l - 18. What is q(8)?
-2
Let c(u) = -6*u**3 - 2*u**2 - 2*u + 6. Give c(2).
-54
Let r(j) = -j**3 - 7*j**2 + 9*j + 7. Determine r(-8).
-1
Let d(o) = -6*o**2 - 2*o + 3. Give d(1).
-5
Let i(h) = -75*h + 745. Give i(10).
-5
Let r(h) = 28*h**2 + 3. Calculate r(1).
31
Let r(z) = z**3 - 8*z**2 + 9*z - 8. What is r(7)?
6
Let x(y) = -9*y + 54. What is x(16)?
-90
Let n(b) = -2*b - 2. Give n(-2).
2
Let u(j) = 25*j + 64. Calculate u(-3).
-11
Let d(k) = 59*k + 524. Give d(-9).
-7
Let q(u) = -u**3 - 12*u**2 - 3*u + 5. Determine q(-12).
41
Let a(d) = -d**3 + 18*d**2 - 7*d + 3. Give a(18).
-123
Let h(m) = -25*m - 405. Give h(-16).
-5
Let h(p) = -3*p + 49. Give h(18).
-5
Let w(g) = -g**2 - 28*g - 121. What is w(-24)?
-25
Let u(k) = 2*k - 15. Give u(-8).
-31
Let c(g) = g**3 - 4*g**2 + g - 13. What is c(4)?
-9
Let a(i) = 3*i + 49. What is a(-15)?
4
Let z(g) = g**3 + 9*g**2 - 4*g - 9. What is z(-9)?
27
Let q(f) = -12*f - 30. Determine q(-9).
78
Let f(m) = -m**3 - 7*m**2 + 4*m + 30. Calculate f(-6).
-30
Let h(c) = c**3 + c**2 + 7. Determine h(0).
7
Let i(l) = 5*l + 4. Determine i(-4).
-16
Let n(p) = -4*p + 41. Determine n(13).
-11
Let z(y) = y**2 - 6*y - 4. Calculate z(7).
3
Let l(u) = -9*u - 3. Determine l(-1).
6
Let u(d) = -5*d + 124. Calculate u(29).
-21
Let l(b) = b**3 + 3*b**2 - 37*b - 135. What is l(-4)?
-3
Let f(b) = b**3 - 13*b**2 - 19*b + 10. Give f(14).
-60
Let d(m) = -m**2 - 19*m + 26. Calculate d(-20).
6
Let g(f) = f**2 + 8*f + 6. Give g(-7).
-1
Let u(c) = -13*c - 63. Calculate u(-4).
-11
Let d(t) = -2*t**2 + 16*t - 7. Give d(6).
17
Let l(x) = -x**3 - x**2 + 2*x - 14. Calculate l(0).
-14
Let s(k) = -2*k**3 - 2*k - 2. Determine s(-1).
2
Let i(t) = -2*t**2 - 29*t - 44. What is i(-10)?
46
Let r(h) = -2*h**2 + 20*h + 279. What is r(-8)?
-9
Let j(b) = -5*b**2 - b + 1. Give j(-3).
-41
Let z(n) = 52*n**3 - n**2 - n + 1. Give z(1).
51
Let n(c) = -c**3 - 14*c**2 - 10*c + 6. Give n(-13).
-33
Let b(r) = -5*r**2 - r + 1. Determine b(-2).
-17
Let z(n) = n**3 + n - 31. Calculate z(0).
-31
Let y(o) = -o**2 - 7*o - 4. Determine y(-5).
6
Let u(d) = d**3 - 10*d**2 - 9*d + 5. Determine u(11).
27
Let w(y) = -28*y**3 - 2*y**2 + 1. Give w(1).
-29
Let o(c) = -6*c - 23. Determine o(-7).
19
Let o(r) = -23*r + 118. Determine o(4).
26
Let g(l) = -89*l - 516. Give g(-6).
18
Let t(u) = -u**2 + 17*u + 18. Calculate t(18).
0
Let q(t) = -t**2 + 14*t + 4. Calculate q(8).
52
Let f(j) = j**3 + 4*j**2 - 5*j - 2. Determine f(-3).
22
Let h(u) = -u + 1. Calculate h(12).
-11
Let q(z) = -2*z**2 - 15*z - 26. Determine q(-6).
-8
Let v(o) = -o**3 - 16*o**2 + 18*o + 19. Give v(-17).
2
Let d(g) = -17*g - 52. Give d(-3).
-1
Let o(n) = n**2 - 8*n - 5. Give o(9).
4
Let s(n) = -n**3 + 14*n**2 + 11*n + 32. Determine s(15).
-28
Let n(v) = 12*v - 55. What is n(5)?
5
Let w(r) = -12*r + 2. Calculate w(-3).
38
Let m(i) = i**2 + 4*i - 4. Determine m(-8).
28
Let f(x)